{"id":11,"date":"2025-12-04T23:32:05","date_gmt":"2025-12-04T23:32:05","guid":{"rendered":"https:\/\/kostenschilderbedrijf.nl\/blog\/?page_id=11"},"modified":"2025-12-04T23:40:44","modified_gmt":"2025-12-04T23:40:44","slug":"home","status":"publish","type":"page","link":"https:\/\/kostenschilderbedrijf.nl\/blog\/","title":{"rendered":"Home"},"content":{"rendered":"\t\t<div data-elementor-type=\"wp-page\" data-elementor-id=\"11\" class=\"elementor elementor-11\" data-elementor-post-type=\"page\">\n\t\t\t\t<div class=\"elementor-element elementor-element-838cb9f e-flex e-con-boxed e-con e-parent\" data-id=\"838cb9f\" data-element_type=\"container\">\n\t\t\t\t\t<div class=\"e-con-inner\">\n\t\t\t\t<div class=\"elementor-element elementor-element-d981389 elementor-grid-3 elementor-grid-tablet-2 elementor-grid-mobile-1 elementor-posts--thumbnail-top elementor-widget elementor-widget-posts\" data-id=\"d981389\" data-element_type=\"widget\" data-settings=\"{&quot;pagination_type&quot;:&quot;numbers_and_prev_next&quot;,&quot;classic_columns&quot;:&quot;3&quot;,&quot;classic_columns_tablet&quot;:&quot;2&quot;,&quot;classic_columns_mobile&quot;:&quot;1&quot;,&quot;classic_row_gap&quot;:{&quot;unit&quot;:&quot;px&quot;,&quot;size&quot;:35,&quot;sizes&quot;:[]},&quot;classic_row_gap_tablet&quot;:{&quot;unit&quot;:&quot;px&quot;,&quot;size&quot;:&quot;&quot;,&quot;sizes&quot;:[]},&quot;classic_row_gap_mobile&quot;:{&quot;unit&quot;:&quot;px&quot;,&quot;size&quot;:&quot;&quot;,&quot;sizes&quot;:[]}}\" data-widget_type=\"posts.classic\">\n\t\t\t\t<div class=\"elementor-widget-container\">\n\t\t\t\t\t\t\t<div class=\"elementor-posts-container elementor-posts elementor-posts--skin-classic elementor-grid\" role=\"list\">\n\t\t\t\t<article class=\"elementor-post elementor-grid-item post-324 post type-post status-publish format-standard hentry category-niet-gecategoriseerd\" role=\"listitem\">\n\t\t\t\t<div class=\"elementor-post__text\">\n\t\t\t\t<h3 class=\"elementor-post__title\">\n\t\t\t<a href=\"https:\/\/kostenschilderbedrijf.nl\/blog\/jade-anne-leeftijd\/\" >\n\t\t\t\tJade Anne leeftijd \u2013 Hoe oud is de Nederlandse zangeres\t\t\t<\/a>\n\t\t<\/h3>\n\t\t\t\t<div class=\"elementor-post__meta-data\">\n\t\t\t\t\t<span class=\"elementor-post-date\">\n\t\t\t15 maart 2026\t\t<\/span>\n\t\t\t\t<span class=\"elementor-post-avatar\">\n\t\t\tGeen reacties\t\t<\/span>\n\t\t\t\t<\/div>\n\t\t\t\t<div class=\"elementor-post__excerpt\">\n\t\t\t<p>Je wilt weten wat de Jade Anne leeftijd is en meer over deze opkomende Nederlandse zangeres. Jade Anne is bekend geworden door haar deelname aan<\/p>\n\t\t<\/div>\n\t\t\n\t\t<a class=\"elementor-post__read-more\" href=\"https:\/\/kostenschilderbedrijf.nl\/blog\/jade-anne-leeftijd\/\" aria-label=\"Lees meer over Jade Anne leeftijd \u2013 Hoe oud is de Nederlandse zangeres\" tabindex=\"-1\" >\n\t\t\tLees meer \u00bb\t\t<\/a>\n\n\t\t\t\t<\/div>\n\t\t\t\t<\/article>\n\t\t\t\t<article class=\"elementor-post elementor-grid-item post-322 post type-post status-publish format-standard hentry category-niet-gecategoriseerd\" role=\"listitem\">\n\t\t\t\t<div class=\"elementor-post__text\">\n\t\t\t\t<h3 class=\"elementor-post__title\">\n\t\t\t<a href=\"https:\/\/kostenschilderbedrijf.nl\/blog\/zoon-kevin-costner\/\" >\n\t\t\t\tzoon Kevin Costner \u2013 alles over zijn kinderen\t\t\t<\/a>\n\t\t<\/h3>\n\t\t\t\t<div class=\"elementor-post__meta-data\">\n\t\t\t\t\t<span class=\"elementor-post-date\">\n\t\t\t15 maart 2026\t\t<\/span>\n\t\t\t\t<span class=\"elementor-post-avatar\">\n\t\t\tGeen reacties\t\t<\/span>\n\t\t\t\t<\/div>\n\t\t\t\t<div class=\"elementor-post__excerpt\">\n\t\t\t<p>Als je wilt weten wie de zoon Kevin Costner is en wat bekend is over zijn gezin, lees dan verder. In dit artikel bespreken we<\/p>\n\t\t<\/div>\n\t\t\n\t\t<a class=\"elementor-post__read-more\" href=\"https:\/\/kostenschilderbedrijf.nl\/blog\/zoon-kevin-costner\/\" aria-label=\"Lees meer over zoon Kevin Costner \u2013 alles over zijn kinderen\" tabindex=\"-1\" >\n\t\t\tLees meer \u00bb\t\t<\/a>\n\n\t\t\t\t<\/div>\n\t\t\t\t<\/article>\n\t\t\t\t<article class=\"elementor-post elementor-grid-item post-320 post type-post status-publish format-standard hentry category-niet-gecategoriseerd\" role=\"listitem\">\n\t\t\t\t<div class=\"elementor-post__text\">\n\t\t\t\t<h3 class=\"elementor-post__title\">\n\t\t\t<a href=\"https:\/\/kostenschilderbedrijf.nl\/blog\/moeder-en-zus-bolle-jos\/\" >\n\t\t\t\tMoeder en zus Bolle Jos: alles over zijn familie\t\t\t<\/a>\n\t\t<\/h3>\n\t\t\t\t<div class=\"elementor-post__meta-data\">\n\t\t\t\t\t<span class=\"elementor-post-date\">\n\t\t\t15 maart 2026\t\t<\/span>\n\t\t\t\t<span class=\"elementor-post-avatar\">\n\t\t\tGeen reacties\t\t<\/span>\n\t\t\t\t<\/div>\n\t\t\t\t<div class=\"elementor-post__excerpt\">\n\t\t\t<p>Moeder en zus Bolle Jos zijn een belangrijk onderdeel van zijn leven geweest, vooral omdat familie vaak een grote rol speelde in zijn dagelijkse bestaan.<\/p>\n\t\t<\/div>\n\t\t\n\t\t<a class=\"elementor-post__read-more\" href=\"https:\/\/kostenschilderbedrijf.nl\/blog\/moeder-en-zus-bolle-jos\/\" aria-label=\"Lees meer over Moeder en zus Bolle Jos: alles over zijn familie\" tabindex=\"-1\" >\n\t\t\tLees meer \u00bb\t\t<\/a>\n\n\t\t\t\t<\/div>\n\t\t\t\t<\/article>\n\t\t\t\t<article class=\"elementor-post elementor-grid-item post-318 post type-post status-publish format-standard hentry category-niet-gecategoriseerd\" role=\"listitem\">\n\t\t\t\t<div class=\"elementor-post__text\">\n\t\t\t\t<h3 class=\"elementor-post__title\">\n\t\t\t<a href=\"https:\/\/kostenschilderbedrijf.nl\/blog\/eva-jinek-zwanger-leeftijd\/\" >\n\t\t\t\tEva Jinek zwanger en leeftijd: alles over de presentatrice\t\t\t<\/a>\n\t\t<\/h3>\n\t\t\t\t<div class=\"elementor-post__meta-data\">\n\t\t\t\t\t<span class=\"elementor-post-date\">\n\t\t\t15 maart 2026\t\t<\/span>\n\t\t\t\t<span class=\"elementor-post-avatar\">\n\t\t\tGeen reacties\t\t<\/span>\n\t\t\t\t<\/div>\n\t\t\t\t<div class=\"elementor-post__excerpt\">\n\t\t\t<p>Als je zoekt naar Eva Jinek zwanger en haar leeftijd, ben je waarschijnlijk benieuwd naar het priv\u00e9leven van de bekende Nederlandse presentatrice. Eva Jinek staat<\/p>\n\t\t<\/div>\n\t\t\n\t\t<a class=\"elementor-post__read-more\" href=\"https:\/\/kostenschilderbedrijf.nl\/blog\/eva-jinek-zwanger-leeftijd\/\" aria-label=\"Lees meer over Eva Jinek zwanger en leeftijd: alles over de presentatrice\" tabindex=\"-1\" >\n\t\t\tLees meer \u00bb\t\t<\/a>\n\n\t\t\t\t<\/div>\n\t\t\t\t<\/article>\n\t\t\t\t<article class=\"elementor-post elementor-grid-item post-316 post type-post status-publish format-standard hentry category-niet-gecategoriseerd\" role=\"listitem\">\n\t\t\t\t<div class=\"elementor-post__text\">\n\t\t\t\t<h3 class=\"elementor-post__title\">\n\t\t\t<a href=\"https:\/\/kostenschilderbedrijf.nl\/blog\/jeff-mac-mootry-kinderen\/\" >\n\t\t\t\tJeff Mac Mootry kinderen\u202f| wat is bekend over zijn gezin\t\t\t<\/a>\n\t\t<\/h3>\n\t\t\t\t<div class=\"elementor-post__meta-data\">\n\t\t\t\t\t<span class=\"elementor-post-date\">\n\t\t\t15 maart 2026\t\t<\/span>\n\t\t\t\t<span class=\"elementor-post-avatar\">\n\t\t\tGeen reacties\t\t<\/span>\n\t\t\t\t<\/div>\n\t\t\t\t<div class=\"elementor-post__excerpt\">\n\t\t\t<p>Als je zoekt naar informatie over de Jeff Mac Mootry kinderen, wil je weten of de Nederlandse marine\u2011officier een gezin heeft en wat daarover bekend<\/p>\n\t\t<\/div>\n\t\t\n\t\t<a class=\"elementor-post__read-more\" href=\"https:\/\/kostenschilderbedrijf.nl\/blog\/jeff-mac-mootry-kinderen\/\" aria-label=\"Lees meer over Jeff Mac Mootry kinderen\u202f| wat is bekend over zijn gezin\" tabindex=\"-1\" >\n\t\t\tLees meer \u00bb\t\t<\/a>\n\n\t\t\t\t<\/div>\n\t\t\t\t<\/article>\n\t\t\t\t<article class=\"elementor-post elementor-grid-item post-314 post type-post status-publish format-standard hentry category-niet-gecategoriseerd\" role=\"listitem\">\n\t\t\t\t<div class=\"elementor-post__text\">\n\t\t\t\t<h3 class=\"elementor-post__title\">\n\t\t\t<a href=\"https:\/\/kostenschilderbedrijf.nl\/blog\/sophie-nuijten-sofie-kraay-leeftijd\/\" >\n\t\t\t\tSophie Nuijten Sofie Kraay leeftijd \u2013 wat is bekend\t\t\t<\/a>\n\t\t<\/h3>\n\t\t\t\t<div class=\"elementor-post__meta-data\">\n\t\t\t\t\t<span class=\"elementor-post-date\">\n\t\t\t15 maart 2026\t\t<\/span>\n\t\t\t\t<span class=\"elementor-post-avatar\">\n\t\t\tGeen reacties\t\t<\/span>\n\t\t\t\t<\/div>\n\t\t\t\t<div class=\"elementor-post__excerpt\">\n\t\t\t<p>Je wilt weten wat de Sophie Nuijten Sofie Kraay leeftijd is en hoe hun achtergrond eruitziet. In dit artikel bespreken we hun geboortedata, loopbaan en<\/p>\n\t\t<\/div>\n\t\t\n\t\t<a class=\"elementor-post__read-more\" href=\"https:\/\/kostenschilderbedrijf.nl\/blog\/sophie-nuijten-sofie-kraay-leeftijd\/\" aria-label=\"Lees meer over Sophie Nuijten Sofie Kraay leeftijd \u2013 wat is bekend\" tabindex=\"-1\" >\n\t\t\tLees meer \u00bb\t\t<\/a>\n\n\t\t\t\t<\/div>\n\t\t\t\t<\/article>\n\t\t\t\t<article class=\"elementor-post elementor-grid-item post-312 post type-post status-publish format-standard hentry category-niet-gecategoriseerd\" role=\"listitem\">\n\t\t\t\t<div class=\"elementor-post__text\">\n\t\t\t\t<h3 class=\"elementor-post__title\">\n\t\t\t<a href=\"https:\/\/kostenschilderbedrijf.nl\/blog\/silvano-vos-leeftijd\/\" >\n\t\t\t\tSilvano Vos leeftijd: alles over het Nederlandse voetbaltalent\t\t\t<\/a>\n\t\t<\/h3>\n\t\t\t\t<div class=\"elementor-post__meta-data\">\n\t\t\t\t\t<span class=\"elementor-post-date\">\n\t\t\t15 maart 2026\t\t<\/span>\n\t\t\t\t<span class=\"elementor-post-avatar\">\n\t\t\tGeen reacties\t\t<\/span>\n\t\t\t\t<\/div>\n\t\t\t\t<div class=\"elementor-post__excerpt\">\n\t\t\t<p>Als je wilt weten wat de Silvano Vos leeftijd is, lees je hier alles over het Nederlandse voetbaltalent en zijn persoonlijke achtergrond. Silvano Vos staat<\/p>\n\t\t<\/div>\n\t\t\n\t\t<a class=\"elementor-post__read-more\" href=\"https:\/\/kostenschilderbedrijf.nl\/blog\/silvano-vos-leeftijd\/\" aria-label=\"Lees meer over Silvano Vos leeftijd: alles over het Nederlandse voetbaltalent\" tabindex=\"-1\" >\n\t\t\tLees meer \u00bb\t\t<\/a>\n\n\t\t\t\t<\/div>\n\t\t\t\t<\/article>\n\t\t\t\t<article class=\"elementor-post elementor-grid-item post-310 post type-post status-publish format-standard hentry category-niet-gecategoriseerd\" role=\"listitem\">\n\t\t\t\t<div class=\"elementor-post__text\">\n\t\t\t\t<h3 class=\"elementor-post__title\">\n\t\t\t<a href=\"https:\/\/kostenschilderbedrijf.nl\/blog\/is-lynn-hermanussen-zwanger\/\" >\n\t\t\t\tIs Lynn Hermanussen zwanger: wat bekend is over haar priv\u00e9leven\t\t\t<\/a>\n\t\t<\/h3>\n\t\t\t\t<div class=\"elementor-post__meta-data\">\n\t\t\t\t\t<span class=\"elementor-post-date\">\n\t\t\t15 maart 2026\t\t<\/span>\n\t\t\t\t<span class=\"elementor-post-avatar\">\n\t\t\tGeen reacties\t\t<\/span>\n\t\t\t\t<\/div>\n\t\t\t\t<div class=\"elementor-post__excerpt\">\n\t\t\t<p>Is Lynn Hermanussen zwanger is een onderwerp dat veel aandacht krijgt. Lynn Hermanussen is bekend als mediapersoonlijkheid en influencer, maar ze houdt veel van haar<\/p>\n\t\t<\/div>\n\t\t\n\t\t<a class=\"elementor-post__read-more\" href=\"https:\/\/kostenschilderbedrijf.nl\/blog\/is-lynn-hermanussen-zwanger\/\" aria-label=\"Lees meer over Is Lynn Hermanussen zwanger: wat bekend is over haar priv\u00e9leven\" tabindex=\"-1\" >\n\t\t\tLees meer \u00bb\t\t<\/a>\n\n\t\t\t\t<\/div>\n\t\t\t\t<\/article>\n\t\t\t\t<article class=\"elementor-post elementor-grid-item post-308 post type-post status-publish format-standard hentry category-niet-gecategoriseerd\" role=\"listitem\">\n\t\t\t\t<div class=\"elementor-post__text\">\n\t\t\t\t<h3 class=\"elementor-post__title\">\n\t\t\t<a href=\"https:\/\/kostenschilderbedrijf.nl\/blog\/piet-romer-leeftijd\/\" >\n\t\t\t\tPiet R\u00f6mer leeftijd: hoe oud was hij\t\t\t<\/a>\n\t\t<\/h3>\n\t\t\t\t<div class=\"elementor-post__meta-data\">\n\t\t\t\t\t<span class=\"elementor-post-date\">\n\t\t\t15 maart 2026\t\t<\/span>\n\t\t\t\t<span class=\"elementor-post-avatar\">\n\t\t\tGeen reacties\t\t<\/span>\n\t\t\t\t<\/div>\n\t\t\t\t<div class=\"elementor-post__excerpt\">\n\t\t\t<p>Je vraagt je misschien af: hoe oud was Piet R\u00f6mer en wat weten we over zijn leven en carri\u00e8re? Piet R\u00f6mer was een bekende Nederlandse<\/p>\n\t\t<\/div>\n\t\t\n\t\t<a class=\"elementor-post__read-more\" href=\"https:\/\/kostenschilderbedrijf.nl\/blog\/piet-romer-leeftijd\/\" aria-label=\"Lees meer over Piet R\u00f6mer leeftijd: hoe oud was hij\" tabindex=\"-1\" >\n\t\t\tLees meer \u00bb\t\t<\/a>\n\n\t\t\t\t<\/div>\n\t\t\t\t<\/article>\n\t\t\t\t<article class=\"elementor-post elementor-grid-item post-306 post type-post status-publish format-standard hentry category-niet-gecategoriseerd\" role=\"listitem\">\n\t\t\t\t<div class=\"elementor-post__text\">\n\t\t\t\t<h3 class=\"elementor-post__title\">\n\t\t\t<a href=\"https:\/\/kostenschilderbedrijf.nl\/blog\/patrick-roest-vriendin-2024\/\" >\n\t\t\t\t:\t\t\t<\/a>\n\t\t<\/h3>\n\t\t\t\t<div class=\"elementor-post__meta-data\">\n\t\t\t\t\t<span class=\"elementor-post-date\">\n\t\t\t15 maart 2026\t\t<\/span>\n\t\t\t\t<span class=\"elementor-post-avatar\">\n\t\t\tGeen reacties\t\t<\/span>\n\t\t\t\t<\/div>\n\t\t\t\t<div class=\"elementor-post__excerpt\">\n\t\t\t<p>Als je wilt weten wie de vriendin van Patrick Roest is in 2024, gaat het om zijn persoonlijke leven naast zijn succesvolle schaatscarri\u00e8re. Patrick Roest<\/p>\n\t\t<\/div>\n\t\t\n\t\t<a class=\"elementor-post__read-more\" href=\"https:\/\/kostenschilderbedrijf.nl\/blog\/patrick-roest-vriendin-2024\/\" aria-label=\"Lees meer over :\" tabindex=\"-1\" >\n\t\t\tLees meer \u00bb\t\t<\/a>\n\n\t\t\t\t<\/div>\n\t\t\t\t<\/article>\n\t\t\t\t<article class=\"elementor-post elementor-grid-item post-304 post type-post status-publish format-standard hentry category-niet-gecategoriseerd\" role=\"listitem\">\n\t\t\t\t<div class=\"elementor-post__text\">\n\t\t\t\t<h3 class=\"elementor-post__title\">\n\t\t\t<a href=\"https:\/\/kostenschilderbedrijf.nl\/blog\/rolf-verbeek-zoon-van\/\" >\n\t\t\t\tRolf Verbeek zoon van \u2013 Wat je moet weten over zijn familie\t\t\t<\/a>\n\t\t<\/h3>\n\t\t\t\t<div class=\"elementor-post__meta-data\">\n\t\t\t\t\t<span class=\"elementor-post-date\">\n\t\t\t15 maart 2026\t\t<\/span>\n\t\t\t\t<span class=\"elementor-post-avatar\">\n\t\t\tGeen reacties\t\t<\/span>\n\t\t\t\t<\/div>\n\t\t\t\t<div class=\"elementor-post__excerpt\">\n\t\t\t<p>Je wilt weten wie de Rolf Verbeek zoon van is en wat bekend is over zijn familie. Rolf Verbeek is een Nederlandse publieke persoonlijkheid die<\/p>\n\t\t<\/div>\n\t\t\n\t\t<a class=\"elementor-post__read-more\" href=\"https:\/\/kostenschilderbedrijf.nl\/blog\/rolf-verbeek-zoon-van\/\" aria-label=\"Lees meer over Rolf Verbeek zoon van \u2013 Wat je moet weten over zijn familie\" tabindex=\"-1\" >\n\t\t\tLees meer \u00bb\t\t<\/a>\n\n\t\t\t\t<\/div>\n\t\t\t\t<\/article>\n\t\t\t\t<article class=\"elementor-post elementor-grid-item post-302 post type-post status-publish format-standard hentry category-niet-gecategoriseerd\" role=\"listitem\">\n\t\t\t\t<div class=\"elementor-post__text\">\n\t\t\t\t<h3 class=\"elementor-post__title\">\n\t\t\t<a href=\"https:\/\/kostenschilderbedrijf.nl\/blog\/dochter-van-anna-nicole-smith\/\" >\n\t\t\t\tdochter van Anna Nicole Smith \u2013 wat we weten over haar gezin\t\t\t<\/a>\n\t\t<\/h3>\n\t\t\t\t<div class=\"elementor-post__meta-data\">\n\t\t\t\t\t<span class=\"elementor-post-date\">\n\t\t\t15 maart 2026\t\t<\/span>\n\t\t\t\t<span class=\"elementor-post-avatar\">\n\t\t\tGeen reacties\t\t<\/span>\n\t\t\t\t<\/div>\n\t\t\t\t<div class=\"elementor-post__excerpt\">\n\t\t\t<p>Als je wilt weten wie de dochter van Anna Nicole Smith is en wat bekend is over haar leven, lees dan verder. In dit artikel<\/p>\n\t\t<\/div>\n\t\t\n\t\t<a class=\"elementor-post__read-more\" href=\"https:\/\/kostenschilderbedrijf.nl\/blog\/dochter-van-anna-nicole-smith\/\" aria-label=\"Lees meer over dochter van Anna Nicole Smith \u2013 wat we weten over haar gezin\" tabindex=\"-1\" >\n\t\t\tLees meer \u00bb\t\t<\/a>\n\n\t\t\t\t<\/div>\n\t\t\t\t<\/article>\n\t\t\t\t<\/div>\n\t\t\n\t\t\t\t<div class=\"e-load-more-anchor\" data-page=\"1\" data-max-page=\"11\" data-next-page=\"https:\/\/kostenschilderbedrijf.nl\/blog\/wp-json\/wp\/v2\/pages\/11\/page\/2\/\"><\/div>\n\t\t\t\t<nav class=\"elementor-pagination\" aria-label=\"Paginering\">\n\t\t\t<span class=\"page-numbers prev\">&laquo; Vorige<\/span>\n<span aria-current=\"page\" class=\"page-numbers current\"><span class=\"elementor-screen-only\">Pagina<\/span>1<\/span>\n<a class=\"page-numbers\" href=\"https:\/\/kostenschilderbedrijf.nl\/blog\/wp-json\/wp\/v2\/pages\/11\/page\/2\/\"><span class=\"elementor-screen-only\">Pagina<\/span>2<\/a>\n<a class=\"page-numbers\" href=\"https:\/\/kostenschilderbedrijf.nl\/blog\/wp-json\/wp\/v2\/pages\/11\/page\/3\/\"><span class=\"elementor-screen-only\">Pagina<\/span>3<\/a>\n<a class=\"page-numbers\" href=\"https:\/\/kostenschilderbedrijf.nl\/blog\/wp-json\/wp\/v2\/pages\/11\/page\/4\/\"><span class=\"elementor-screen-only\">Pagina<\/span>4<\/a>\n<a class=\"page-numbers\" href=\"https:\/\/kostenschilderbedrijf.nl\/blog\/wp-json\/wp\/v2\/pages\/11\/page\/5\/\"><span class=\"elementor-screen-only\">Pagina<\/span>5<\/a>\n<a class=\"page-numbers next\" href=\"https:\/\/kostenschilderbedrijf.nl\/blog\/wp-json\/wp\/v2\/pages\/11\/page\/2\/\">Volgende &raquo;<\/a>\t\t<\/nav>\n\t\t\t\t\t\t<\/div>\n\t\t\t\t<\/div>\n\t\t\t\t\t<\/div>\n\t\t\t\t<\/div>\n\t\t\t\t<\/div>\n\t\t","protected":false},"excerpt":{"rendered":"","protected":false},"author":1,"featured_media":0,"parent":0,"menu_order":0,"comment_status":"closed","ping_status":"closed","template":"elementor_header_footer","meta":{"footnotes":""},"class_list":["post-11","page","type-page","status-publish","hentry"],"yoast_head":"<!-- This site is optimized with the Yoast SEO plugin v26.6 - https:\/\/yoast.com\/wordpress\/plugins\/seo\/ -->\n<title>Home - kostenschilderbedrijf.nl<\/title>\n<meta name=\"robots\" content=\"index, follow, max-snippet:-1, max-image-preview:large, max-video-preview:-1\" \/>\n<link rel=\"canonical\" href=\"https:\/\/kostenschilderbedrijf.nl\/blog\/\" \/>\n<meta property=\"og:locale\" content=\"nl_NL\" \/>\n<meta property=\"og:type\" content=\"article\" \/>\n<meta property=\"og:title\" content=\"Home - kostenschilderbedrijf.nl\" \/>\n<meta property=\"og:url\" content=\"https:\/\/kostenschilderbedrijf.nl\/blog\/\" \/>\n<meta property=\"og:site_name\" content=\"kostenschilderbedrijf.nl\" \/>\n<meta property=\"article:modified_time\" content=\"2025-12-04T23:40:44+00:00\" \/>\n<meta name=\"twitter:card\" content=\"summary_large_image\" \/>\n<meta name=\"twitter:label1\" content=\"Geschatte leestijd\" \/>\n\t<meta name=\"twitter:data1\" content=\"1 minuut\" \/>\n<script type=\"application\/ld+json\" class=\"yoast-schema-graph\">{\"@context\":\"https:\/\/schema.org\",\"@graph\":[{\"@type\":\"WebPage\",\"@id\":\"https:\/\/kostenschilderbedrijf.nl\/blog\/\",\"url\":\"https:\/\/kostenschilderbedrijf.nl\/blog\/\",\"name\":\"Home - kostenschilderbedrijf.nl\",\"isPartOf\":{\"@id\":\"https:\/\/kostenschilderbedrijf.nl\/blog\/#website\"},\"datePublished\":\"2025-12-04T23:32:05+00:00\",\"dateModified\":\"2025-12-04T23:40:44+00:00\",\"breadcrumb\":{\"@id\":\"https:\/\/kostenschilderbedrijf.nl\/blog\/#breadcrumb\"},\"inLanguage\":\"nl-NL\",\"potentialAction\":[{\"@type\":\"ReadAction\",\"target\":[\"https:\/\/kostenschilderbedrijf.nl\/blog\/\"]}]},{\"@type\":\"BreadcrumbList\",\"@id\":\"https:\/\/kostenschilderbedrijf.nl\/blog\/#breadcrumb\",\"itemListElement\":[{\"@type\":\"ListItem\",\"position\":1,\"name\":\"Home\",\"item\":\"https:\/\/kostenschilderbedrijf.nl\/blog\/\"},{\"@type\":\"ListItem\",\"position\":2,\"name\":\"Home\"}]},{\"@type\":\"WebSite\",\"@id\":\"https:\/\/kostenschilderbedrijf.nl\/blog\/#website\",\"url\":\"https:\/\/kostenschilderbedrijf.nl\/blog\/\",\"name\":\"kostenschilderbedrijf.nl\",\"description\":\"\",\"potentialAction\":[{\"@type\":\"SearchAction\",\"target\":{\"@type\":\"EntryPoint\",\"urlTemplate\":\"https:\/\/kostenschilderbedrijf.nl\/blog\/?s={search_term_string}\"},\"query-input\":{\"@type\":\"PropertyValueSpecification\",\"valueRequired\":true,\"valueName\":\"search_term_string\"}}],\"inLanguage\":\"nl-NL\"}]}<\/script>\n<!-- \/ Yoast SEO plugin. -->","yoast_head_json":{"title":"Home - kostenschilderbedrijf.nl","robots":{"index":"index","follow":"follow","max-snippet":"max-snippet:-1","max-image-preview":"max-image-preview:large","max-video-preview":"max-video-preview:-1"},"canonical":"https:\/\/kostenschilderbedrijf.nl\/blog\/","og_locale":"nl_NL","og_type":"article","og_title":"Home - kostenschilderbedrijf.nl","og_url":"https:\/\/kostenschilderbedrijf.nl\/blog\/","og_site_name":"kostenschilderbedrijf.nl","article_modified_time":"2025-12-04T23:40:44+00:00","twitter_card":"summary_large_image","twitter_misc":{"Geschatte leestijd":"1 minuut"},"schema":{"@context":"https:\/\/schema.org","@graph":[{"@type":"WebPage","@id":"https:\/\/kostenschilderbedrijf.nl\/blog\/","url":"https:\/\/kostenschilderbedrijf.nl\/blog\/","name":"Home - kostenschilderbedrijf.nl","isPartOf":{"@id":"https:\/\/kostenschilderbedrijf.nl\/blog\/#website"},"datePublished":"2025-12-04T23:32:05+00:00","dateModified":"2025-12-04T23:40:44+00:00","breadcrumb":{"@id":"https:\/\/kostenschilderbedrijf.nl\/blog\/#breadcrumb"},"inLanguage":"nl-NL","potentialAction":[{"@type":"ReadAction","target":["https:\/\/kostenschilderbedrijf.nl\/blog\/"]}]},{"@type":"BreadcrumbList","@id":"https:\/\/kostenschilderbedrijf.nl\/blog\/#breadcrumb","itemListElement":[{"@type":"ListItem","position":1,"name":"Home","item":"https:\/\/kostenschilderbedrijf.nl\/blog\/"},{"@type":"ListItem","position":2,"name":"Home"}]},{"@type":"WebSite","@id":"https:\/\/kostenschilderbedrijf.nl\/blog\/#website","url":"https:\/\/kostenschilderbedrijf.nl\/blog\/","name":"kostenschilderbedrijf.nl","description":"","potentialAction":[{"@type":"SearchAction","target":{"@type":"EntryPoint","urlTemplate":"https:\/\/kostenschilderbedrijf.nl\/blog\/?s={search_term_string}"},"query-input":{"@type":"PropertyValueSpecification","valueRequired":true,"valueName":"search_term_string"}}],"inLanguage":"nl-NL"}]}},"_links":{"self":[{"href":"https:\/\/kostenschilderbedrijf.nl\/blog\/wp-json\/wp\/v2\/pages\/11","targetHints":{"allow":["GET"]}}],"collection":[{"href":"https:\/\/kostenschilderbedrijf.nl\/blog\/wp-json\/wp\/v2\/pages"}],"about":[{"href":"https:\/\/kostenschilderbedrijf.nl\/blog\/wp-json\/wp\/v2\/types\/page"}],"author":[{"embeddable":true,"href":"https:\/\/kostenschilderbedrijf.nl\/blog\/wp-json\/wp\/v2\/users\/1"}],"replies":[{"embeddable":true,"href":"https:\/\/kostenschilderbedrijf.nl\/blog\/wp-json\/wp\/v2\/comments?post=11"}],"version-history":[{"count":10,"href":"https:\/\/kostenschilderbedrijf.nl\/blog\/wp-json\/wp\/v2\/pages\/11\/revisions"}],"predecessor-version":[{"id":27,"href":"https:\/\/kostenschilderbedrijf.nl\/blog\/wp-json\/wp\/v2\/pages\/11\/revisions\/27"}],"wp:attachment":[{"href":"https:\/\/kostenschilderbedrijf.nl\/blog\/wp-json\/wp\/v2\/media?parent=11"}],"curies":[{"name":"wp","href":"https:\/\/api.w.org\/{rel}","templated":true}]}}